 of 9?
False
Suppose 2 = 4*z + 4*k - 2, -z = -4*k + 19. Let f be 4/(-6) + (-295)/(-15). Let m = f + z. Is 16 a factor of m?
True
Let r(a) = a**3 - a**2 - a + 15. Let x = -5 + 5. Is r(x) a multiple of 15?
True
Is (288/42)/(3/21) a multiple of 6?
True
Let h = 10 + -8. Suppose -c - h*c + 72 = 0. Is 14 a factor of c?
False
Let g = -8 - -1. Let k = g - -12. Is 4 a factor of (-20)/k*(-1 - 1)?
True
Let j = 261 - 111. Does 30 divide j?
True
Is (-212)/(-6) + (-14)/(-21) a multiple of 18?
True
Let b be (-90)/(-21) + (-2)/7. Suppose 4 = 3*m - j, 3*m + b*j - 26 = m. Suppose m*i - h = 36, -h + 55 = i + 3*i. Does 6 divide i?
False
Suppose 0 = -4*h - 5*h + 288. Is h a multiple of 16?
True
Let a(q) = -q**2 - 13*q - 10. Let h be a(-12). Suppose 4*m - m = 3*k - 210, 4*k - 292 = -h*m. Is 24 a factor of k?
True
Suppose 3*c = 0, 4*o + 2*c = -0*o. Suppose o = -2*z + 16 + 28. Does 12 divide z?
False
Suppose -112 = -4*l - 4*c, -5*l + 95 = 3*c - 35. Suppose -103 + l = -5*p. Does 16 divide p?
True
Let a be ((-2)/4)/((-1)/2). Is (1 + -2)/(a/(-9)) a multiple of 9?
True
Is (-30)/165 + (2 - (-884)/22) a multiple of 6?
True
Suppose -64 = 9*n - 11*n. Is 8 a factor of n?
True
Let f(s) = -s**3 - 13*s**2 + 2. Let q be f(-13). Is q/(-5) - (-728)/20 a multiple of 18?
True
Let d(v) = -v - 6. Let j be d(0). Let u(o) = -6*o + 5. Is u(j) a multiple of 34?
False
Let f be (-3040)/(-56) + (-2)/7. Suppose f = 2*u + 4*z, -4*z - 81 = -4*u + u. Is 22 a factor of u?
False
Let u = 9 - -3. Is 12 a factor of u?
True
Suppose -l = l - 5*w - 9, -4*l - 21 = 3*w. Let a be 2 - (l + 1)/2. Let z = a - -1. Is 4 a factor of z?
True
Let b(l) be the third derivative of l**6/60 - l**5/20 - l**4/12 - l**3/6 - 4*l**2. Let z be b(-2). Let q = 3 - z. Is 21 a factor of q?
False
Let l(z) = -z**3 + 7*z**2 - 3*z - 2. Let b = 5 + -4. Let x be ((-2)/(-4))/(b/12). Does 8 divide l(x)?
True
Let y be 4*(-4)/((-8)/(-5)). Let b be (8/y)/(14/(-35)). Suppose 23 + 7 = b*l. Is 12 a factor of l?
False
Suppose -4*o = -6*o + 4. Does 7 divide (o + 16)*2/3?
False
Let h(g) = -g - 6. Let w be h(-11). Let j = w + -21. Is -1 + -1*(j - 2) a multiple of 17?
True
Suppose 3*n = 2 + 4. Is 1/(n/(-30))*-1 a multiple of 5?
True
Let q(k) = k**3 + 9*k**2 - 2*k - 16. Is 5 a factor of q(-4)?
False
Suppose 5*x = -0*x + 20, 0 = h - x - 79. Is h a multiple of 7?
False
Let u(b) = 8*b - 2. Let j be (-4)/6 + (-8)/(-3). Suppose -3*y + 7 = x - y, -j*y = 2*x - 10. Is 9 a factor of u(x)?
False
Suppose 4*n - 3*m - 2*m - 115 = 0, -3*n + 85 = -5*m. Is 10 a factor of n?
True
Is 13 a factor of ((-2)/(-2) - 3)*(-52 - 0)?
True
Let t(s) = s**3 + 2*s**2 - 5*s - 3. Let v be t(-3). Suppose j - 56 = -v*j. Is 7 a factor of j?
True
Let j = -167 - -405. Is j a multiple of 17?
True
Is 34 a factor of 5*((-184)/(-20) + -1)?
False
Let z = -17 - -2. Let o = z + 30. Is 5 a factor of o?
True
Let s = 8 - 7. Is 29 + (3 - 2)/s a multiple of 10?
True
Let x be (-2)/5 + (-8)/(-20). Is (2 + x)/(7/28) a multiple of 3?
False
Let n(d) = 9*d - 1. Let r be n(-1). Does 5 divide (-2)/r + (-72)/(-15)?
True
Let o = 13 + -7. Is o even?
True
Suppose -4*l + 1276 = 4*r + r, -r = l - 255. Does 32 divide r?
True
Suppose j + 5*a = 2*j + 1, j - 23 = -3*a. Is j a multiple of 3?
False
Let f(w) = 15*w - 4. Let p be f(-3). Let s = p - -74. Does 14 divide s?
False
Suppose 0 = -5*b - s + 19, 0*b - s = -b - 1. Suppose b - 5 = 2*c, 0 = -4*q - c + 79. Suppose -4*n = -5*n + q. Does 10 divide n?
True
Suppose -3*u - 39 = 39. Let p = u - -44. Is 7 a factor of p?
False
Let f(y) = -y**2 - 5*y + 3. Let u be f(-4). Let b(j) = j**3 - 5*j**2 + 6*j - 5. Let d be b(4). Let t = u + d. Is t a multiple of 4?
False
Is (-634)/(-14) - 8/28 a multiple of 23?
False
Let m(b) = b**2 + 7*b + 8. Let j be m(-6). Suppose 5*h - 4*a = 143, 5*h - 5*a = 3*h + 47. Suppose -h = j*g - 3*g. Is g a multiple of 16?
False
Let g = 943 + -644. Is 21 a factor of g?
False
Let m be (21/12)/(2/48). Let d = -23 + m. Is d a multiple of 7?
False
Let l(j) = 2*j**2 - 3*j + 4. Let a be -3*1 + 1 + -2. Does 24 divide l(a)?
True
Suppose -5*a = -4*a - o + 11, 0 = -2*o. Let u = a + 24. Is 4 a factor of u?
False
Suppose -2*a - 2*a - 5*v - 4 = 0, 5*v = 5*a + 5. Let d(o) be the second derivative of 49*o**4/12 - o**2/2 - o. Does 17 divide d(a)?
False
Let x be (2 + -2 - 2) + 5. Let g be (-24)/(1/x*-1). Suppose -3*d + 3*w + 75 = 0, 4*d = -5*w + g - 17. Is d a multiple of 7?
False
Suppose 0 = -5*g + 717 + 188. Is g a multiple of 52?
False
Suppose -6*q = -q + 4*w - 127, -3 = -w. Suppose 0 = -m - 2, -4*d - 4*m + q = -3*d. Does 30 divide d?
False
Let v = 67 + -48. Is v a multiple of 13?
False
Let j(d) = 2*d. Let a be j(3). Let q = a - -1. Is 5 a factor of q?
False
Suppose 28 = 5*i + 3*y + y, 5*i - 31 = -3*y. Let n = i + 70. Is 22 a factor of n?
False
Let t(b) = 4*b - 5. Is 11 a factor of t(4)?
True
Let p(f) = -f**2 - f + 45. Let j(o) = -o**3 + 5*o**2 - 4*o. Let k be j(4). Let n be p(k). Suppose 3*d + 3 = -2*b + 28, 3*b - 3*d = n. Does 14 divide b?
True
Let y be (-1)/(-1) - 1*-3. Suppose -2*f - 1 = -a, 4*a - 8 = -y*f + 20. Suppose -3*q - a*u = -41, 3*q - 4*q - 4*u = -23. Is 6 a factor of q?
False
Let u(j) = -j**3 + 3*j**2 - j. Let m be u(3). Let t be (5/m + 1)*6. Does 2 divide 9 - t/(4/(-3))?
True
Suppose 4*q - 63 = -3*k + 102, 4*q = k + 185. Does 5 divide q?
True
Suppose 4*q - 41 - 331 = 0. Is 28 a factor of q?
False
Suppose 0 = -2*o + 3*o - 3*s - 43, 4*s = 2*o - 84. Is 20 a factor of o?
True
Let x be -16*(2 - (-11)/(-4)). Let d be (1/2)/((-3)/6). Let z = x + d. Does 4 divide z?
False
Let f(k) = k**3 + 7*k**2 + 4*k + 4. Let i(m) = -2*m**3 + 9*m**2 + 5*m - 6. Let l be i(5). Does 14 divide f(l)?
False
Let m(y) = -3*y - 3 - y - y + 3*y. Is 11 a factor of m(-7)?
True
Let r be 2 + (-38 + -1 - -2). Let l = 92 + -153. Let p = r - l. Does 7 divide p?
False
Suppose -390 = 5*l - 8*l. Is l a multiple of 13?
True
Suppose 200 = -3*t + t. Let y be 143 + ((-4)/2)/1. Let j = y + t. Is 14 a factor of j?
False
Let c = -20 + 28. Let r(s) be the third derivative of s**4/12 - 4*s**2. Does 16 divide r(c)?
True
Suppose -m + 4 = -u, 3*u - 6 = -5*m + 14. Suppose 0 = c + m*c - 120. Suppose -a = 7 - c. Does 17 divide a?
True
Let w be -2 + 4 + 0/(-1). Let g = 2 - w. Suppose -5*d + c + 122 = -68, -2*d - 4*c + 98 = g. Is d a multiple of 13?
True
Is 14 a factor of 820/25 - 1/(-5)?
False
Let f(b) = 3*b - 3. Let p be f(-7). Let g = -39 - p. Does 7 divide (6/g)/(1/(-50))?
False
Let z be (-7)/(-21) - 10/(-6). Let w(s) = s**2 + s + 3. Let u be w(0). Suppose 2*t + y = 16, -2*y + 28 = u*t + z. Is t a multiple of 3?
True
Let g = 27 + -39. Let u = -26 - -46. Let t = u + g. Is 8 a factor of t?
True
Suppose 1485 = -3*d + 231. Let i = -958 - d. Is (-2)/(-8) + i/(-16) a multiple of 11?
False
Let p be (-1)/(2/4)*-2. Let v(u) = -2*u**2 + 27*u - 15. Let j(k) = k**2 - 14*k + 7. Let g(b) = p*v(b) + 7*j(b). Is g(8) a multiple of 5?
True
Does 14 divide (0 - 10)*(-7)/2?
False
Let r(x) be the second derivative of -2*x**3/3 + x. Let d be r(-1). Suppose -d*c = -c - 51. Is c a multiple of 6?
False
Let m(q) be the first derivative of -q**4/4 + q**3/3 - q**2/2 + 3*q - 1. Let z be m(0). Suppose 4*t - s - 39 = 0, -s - 21 = -t + z*s. Is 9 a factor of t?
True
Let h be 6/3 + -3 + 1. Does 21 divide -32*(0 - (h - -1))?
False
Let l(j) = 6*j + 30. Is 26 a factor of l(12)?
False
Let h = 73 - -71. Is 32 a factor of h?
False
Let x = 131 + -62. Does 23 divide x?
True
Suppose -f = 4*a + 4, 0*f + 3*f + 4*a = -4. Suppose -9 + f = -3*p. Suppose -p*i = -37 - 11. Is i a multiple of 6?
False
Let i(u) = -11*u + 11. Let p be i(-15). Suppose 0 = 5*z - p - 249. Is 27 a factor of z?
False
Let c = -78 - -101. Does 5 divide c?
False
Let m(b) = b**3 - 2*b + 1. Let o be m(1). Suppose i + 0 - 12 = o. Does 5 divide i?
False
Let n(t) = -3*t - 4. Let h be n(-3). Suppose u = 7*f - 3*f + 8, 15 = h*u + 5*f. Suppose -u*p - 16 = 0, 2*k + 2*p = 4*p + 52. Is k a multiple of 11?
True
Let n be (-17)/(-2)*-2 + 3. Suppose -2*o + 4*w + 32 = -w, o = -w + 30. Let y = o + n. Is 8 a factor of y?
False
Let m be (-1)/2 - (-7)/(-2). Let u(p) = p + 8. Let z be u(m). Suppose z*q - 8 = g - 0*q, -3*q = g - 20. Is 3 a factor of g?
False
Suppose -5*m = -n - 84, 3*m - 3*n - 2*n - 68 = 0. Is 4 a factor of m?
True
Let y = 22 + -12. Suppose -12*x = -7*x + 30. Let t = y + x. Is t a multi